{"id":128,"date":"2025-05-16T07:42:40","date_gmt":"2025-05-16T05:42:40","guid":{"rendered":"https:\/\/www.ma-rose-des-vents.com\/al\/test_wp\/?page_id=128"},"modified":"2025-06-30T06:17:00","modified_gmt":"2025-06-30T04:17:00","slug":"blog","status":"publish","type":"page","link":"https:\/\/www.tcc-17.com\/index.php\/blog\/","title":{"rendered":"Blog"},"content":{"rendered":"\n<h2 class=\"wp-block-heading\" style=\"font-size:0px\">TCC17<\/h2>\n\n\n\n<h2 class=\"wp-block-heading\" style=\"font-size:0px\">TCC La Rochelle<\/h2>\n\n\n\n<figure class=\"wp-block-image aligncenter size-full is-resized\"><img loading=\"lazy\" decoding=\"async\" width=\"612\" height=\"407\" src=\"https:\/\/www.tcc-17.com\/wp-content\/uploads\/2025\/05\/image_blog_v2.webp\" alt=\"Explorez notre blog pour d\u00e9couvrir des articles, conseils pratiques et r\u00e9flexions autour de la th\u00e9rapie cognitive et comportementale. Cette image incarne le partage de connaissances, l\u2019interactivit\u00e9 et l\u2019accompagnement au quotidien dans votre d\u00e9marche de mieux-\u00eatre.\" class=\"wp-image-741\" style=\"width:395px;height:auto\" srcset=\"https:\/\/www.tcc-17.com\/wp-content\/uploads\/2025\/05\/image_blog_v2.webp 612w, https:\/\/www.tcc-17.com\/wp-content\/uploads\/2025\/05\/image_blog_v2-300x200.webp 300w\" sizes=\"auto, (max-width: 612px) 100vw, 612px\" \/><\/figure>\n\n\n\n<p><\/p>\n\n\n<ul style=\"line-height:1.5; padding-top:0;padding-bottom:0;margin-top:0;margin-bottom:0;\" class=\"wp-block-latest-posts__list has-dates wp-block-latest-posts\"><li><a class=\"wp-block-latest-posts__post-title\" href=\"https:\/\/www.tcc-17.com\/index.php\/2026\/03\/01\/tag-la-rochelle\/\">Trouble anxieux g\u00e9n\u00e9ralis\u00e9 (TAG) : th\u00e9rapie TCC \u00e0 La Rochelle<\/a><time datetime=\"2026-03-01T06:46:00+02:00\" class=\"wp-block-latest-posts__post-date\">01\/03\/2026<\/time><div class=\"wp-block-latest-posts__post-excerpt\">Le trouble anxieux g\u00e9n\u00e9ralis\u00e9 (TAG) est un trouble fr\u00e9quent, mais souvent mal compris. \u00c0 La Rochelle, la th\u00e9rapie cognitivo-comportementale (TCC) est aujourd\u2019hui l\u2019une des approches les plus efficaces pour traiter durablement ce trouble anxieux &#8230; <a href=\"https:\/\/www.tcc-17.com\/index.php\/2026\/03\/01\/tag-la-rochelle\/\">Lire la suite<\/a><\/div><\/li>\n<li><a class=\"wp-block-latest-posts__post-title\" href=\"https:\/\/www.tcc-17.com\/index.php\/2025\/11\/09\/blog-tcc-tag\/\">La Th\u00e9rapie Cognitive et Comportementale (TCC) du Trouble Anxieux G\u00e9n\u00e9ralis\u00e9 (TAG)<\/a><time datetime=\"2025-11-09T08:45:20+02:00\" class=\"wp-block-latest-posts__post-date\">09\/11\/2025<\/time><div class=\"wp-block-latest-posts__post-excerpt\">Le trouble anxieux g\u00e9n\u00e9ralis\u00e9 (TAG) se caract\u00e9rise par une anxi\u00e9t\u00e9 excessive, persistante et difficile \u00e0 contr\u00f4ler, qui concerne plusieurs domaines de la vie quotidienne (travail, famille, sant\u00e9, avenir). Contrairement \u00e0\u2026 <a class=\"wp-block-latest-posts__read-more\" href=\"https:\/\/www.tcc-17.com\/index.php\/2025\/11\/09\/blog-tcc-tag\/\" rel=\"noopener noreferrer\">Lire la suite<span class=\"screen-reader-text\">\u00a0: La Th\u00e9rapie Cognitive et Comportementale (TCC) du Trouble Anxieux G\u00e9n\u00e9ralis\u00e9 (TAG)<\/span><\/a><\/div><\/li>\n<li><a class=\"wp-block-latest-posts__post-title\" href=\"https:\/\/www.tcc-17.com\/index.php\/2025\/10\/18\/blog-therapie-couple-tcc\/\">La th\u00e9rapie comportementale et cognitive (TCC) de couple \u00e0 La Rochelle<\/a><time datetime=\"2025-10-18T05:56:40+02:00\" class=\"wp-block-latest-posts__post-date\">18\/10\/2025<\/time><div class=\"wp-block-latest-posts__post-excerpt\">La th\u00e9rapie comportementale et cognitive (TCC) appliqu\u00e9e au couple est une approche moderne, centr\u00e9e sur les solutions, qui vise \u00e0 am\u00e9liorer la communication, r\u00e9guler les conflits et restaurer le lien\u2026 <a class=\"wp-block-latest-posts__read-more\" href=\"https:\/\/www.tcc-17.com\/index.php\/2025\/10\/18\/blog-therapie-couple-tcc\/\" rel=\"noopener noreferrer\">Lire la suite<span class=\"screen-reader-text\">\u00a0: La th\u00e9rapie comportementale et cognitive (TCC) de couple \u00e0 La Rochelle<\/span><\/a><\/div><\/li>\n<li><a class=\"wp-block-latest-posts__post-title\" href=\"https:\/\/www.tcc-17.com\/index.php\/2025\/08\/25\/blog-depression-tcc\/\">D\u00e9pression et TCC : comment la th\u00e9rapie cognitive peut vous aider \u00e0 La Rochelle<\/a><time datetime=\"2025-08-25T15:54:44+02:00\" class=\"wp-block-latest-posts__post-date\">25\/08\/2025<\/time><div class=\"wp-block-latest-posts__post-excerpt\">Vous traversez une p\u00e9riode de fatigue, de perte de motivation et d\u2019envies, de tristesse ou d\u2019isolement ? Vous avez l\u2019impression d\u2019\u00eatre d\u00e9pass\u00e9(e) par vos \u00e9motions ou de ne plus trouver\u2026 <a class=\"wp-block-latest-posts__read-more\" href=\"https:\/\/www.tcc-17.com\/index.php\/2025\/08\/25\/blog-depression-tcc\/\" rel=\"noopener noreferrer\">Lire la suite<span class=\"screen-reader-text\">\u00a0: D\u00e9pression et TCC : comment la th\u00e9rapie cognitive peut vous aider \u00e0 La Rochelle<\/span><\/a><\/div><\/li>\n<li><a class=\"wp-block-latest-posts__post-title\" href=\"https:\/\/www.tcc-17.com\/index.php\/2025\/07\/10\/trouble-panique-avec-agoraphobie-comment-les-tcc-a-la-rochelle-peuvent-vous-aider-a-en-sortir-durablement\/\">Trouble panique avec agoraphobie : comment les TCC \u00e0 La Rochelle peuvent vous aider \u00e0 en sortir durablement<\/a><time datetime=\"2025-07-10T19:28:34+02:00\" class=\"wp-block-latest-posts__post-date\">10\/07\/2025<\/time><div class=\"wp-block-latest-posts__post-excerpt\">Le trouble panique, souvent associ\u00e9 \u00e0 l\u2019agoraphobie, est un trouble anxieux invalidant qui peut bouleverser le quotidien. Il touche de nombreuses personnes, souvent en silence, et provoque des sympt\u00f4mes tr\u00e8s\u2026 <a class=\"wp-block-latest-posts__read-more\" href=\"https:\/\/www.tcc-17.com\/index.php\/2025\/07\/10\/trouble-panique-avec-agoraphobie-comment-les-tcc-a-la-rochelle-peuvent-vous-aider-a-en-sortir-durablement\/\" rel=\"noopener noreferrer\">Lire la suite<span class=\"screen-reader-text\">\u00a0: Trouble panique avec agoraphobie : comment les TCC \u00e0 La Rochelle peuvent vous aider \u00e0 en sortir durablement<\/span><\/a><\/div><\/li>\n<li><a class=\"wp-block-latest-posts__post-title\" href=\"https:\/\/www.tcc-17.com\/index.php\/2025\/05\/16\/article-3\/\">Am\u00e9liorer l\u2019estime de soi avec les outils de la th\u00e9rapie cognitive<\/a><time datetime=\"2025-05-16T08:18:03+02:00\" class=\"wp-block-latest-posts__post-date\">16\/05\/2025<\/time><div class=\"wp-block-latest-posts__post-excerpt\">L\u2019estime de soi influence profond\u00e9ment notre mani\u00e8re de penser, de ressentir et d\u2019agir. Elle colore notre rapport \u00e0 nous-m\u00eames, aux autres, \u00e0 nos r\u00e9ussites comme \u00e0 nos difficult\u00e9s. Lorsqu\u2019elle est\u2026 <a class=\"wp-block-latest-posts__read-more\" href=\"https:\/\/www.tcc-17.com\/index.php\/2025\/05\/16\/article-3\/\" rel=\"noopener noreferrer\">Lire la suite<span class=\"screen-reader-text\">\u00a0: Am\u00e9liorer l\u2019estime de soi avec les outils de la th\u00e9rapie cognitive<\/span><\/a><\/div><\/li>\n<li><a class=\"wp-block-latest-posts__post-title\" href=\"https:\/\/www.tcc-17.com\/index.php\/2025\/05\/16\/article-2\/\">Les bienfaits prouv\u00e9s de la th\u00e9rapie TCC en visio-conf\u00e9rence<\/a><time datetime=\"2025-05-16T07:48:02+02:00\" class=\"wp-block-latest-posts__post-date\">16\/05\/2025<\/time><div class=\"wp-block-latest-posts__post-excerpt\">La th\u00e9rapie cognitivo-comportementale (TCC) est l&rsquo;une des approches les plus efficaces pour traiter des troubles comme l\u2019anxi\u00e9t\u00e9, la d\u00e9pression ou le stress. Aujourd\u2019hui, gr\u00e2ce aux avanc\u00e9es technologiques, il est possible\u2026 <a class=\"wp-block-latest-posts__read-more\" href=\"https:\/\/www.tcc-17.com\/index.php\/2025\/05\/16\/article-2\/\" rel=\"noopener noreferrer\">Lire la suite<span class=\"screen-reader-text\">\u00a0: Les bienfaits prouv\u00e9s de la th\u00e9rapie TCC en visio-conf\u00e9rence<\/span><\/a><\/div><\/li>\n<li><a class=\"wp-block-latest-posts__post-title\" href=\"https:\/\/www.tcc-17.com\/index.php\/2025\/05\/16\/premier-article\/\">Comment savoir si j\u2019ai besoin d\u2019une th\u00e9rapie ?<\/a><time datetime=\"2025-05-16T06:23:23+02:00\" class=\"wp-block-latest-posts__post-date\">16\/05\/2025<\/time><div class=\"wp-block-latest-posts__post-excerpt\">Se poser la question \u00ab Est-ce que j\u2019ai besoin d\u2019une th\u00e9rapie ? \u00bb est d\u00e9j\u00e0, en soi, un signe important. Cela t\u00e9moigne d\u2019un inconfort, d\u2019un questionnement ou d\u2019un besoin de\u2026 <a class=\"wp-block-latest-posts__read-more\" href=\"https:\/\/www.tcc-17.com\/index.php\/2025\/05\/16\/premier-article\/\" rel=\"noopener noreferrer\">Lire la suite<span class=\"screen-reader-text\">\u00a0: Comment savoir si j\u2019ai besoin d\u2019une th\u00e9rapie ?<\/span><\/a><\/div><\/li>\n<\/ul>","protected":false},"excerpt":{"rendered":"<p>TCC17 TCC La Rochelle<\/p>\n","protected":false},"author":1,"featured_media":0,"parent":0,"menu_order":0,"comment_status":"closed","ping_status":"closed","template":"","meta":{"footnotes":""},"class_list":["post-128","page","type-page","status-publish","hentry"],"yoast_head":"<!-- This site is optimized with the Yoast SEO plugin v25.2 - https:\/\/yoast.com\/wordpress\/plugins\/seo\/ -->\n<title>Blog - Adeline LAYEC TCC17<\/title>\n<meta name=\"description\" content=\"TCC17 - Articles de blog, th\u00e9rapie TCC et th\u00e9rapie dialectique. Adeline Layec La Rochelle. Am\u00e9liorer l\u2019estime de soi avec la th\u00e9rapie cognitive et comportementale\" \/>\n<meta name=\"robots\" content=\"index, follow, max-snippet:-1, max-image-preview:large, max-video-preview:-1\" \/>\n<link rel=\"canonical\" href=\"https:\/\/www.tcc-17.com\/index.php\/blog\/\" \/>\n<meta property=\"og:locale\" content=\"fr_FR\" \/>\n<meta property=\"og:type\" content=\"article\" \/>\n<meta property=\"og:title\" content=\"Blog - Adeline LAYEC TCC17\" \/>\n<meta property=\"og:description\" content=\"TCC17 - Articles de blog, th\u00e9rapie TCC et th\u00e9rapie dialectique. Adeline Layec La Rochelle. Am\u00e9liorer l\u2019estime de soi avec la th\u00e9rapie cognitive et comportementale\" \/>\n<meta property=\"og:url\" content=\"https:\/\/www.tcc-17.com\/index.php\/blog\/\" \/>\n<meta property=\"og:site_name\" content=\"Adeline LAYEC TCC17\" \/>\n<meta property=\"article:modified_time\" content=\"2025-06-30T04:17:00+00:00\" \/>\n<meta property=\"og:image\" content=\"https:\/\/www.tcc-17.com\/wp-content\/uploads\/2025\/05\/image_blog_v2.webp\" \/>\n\t<meta property=\"og:image:width\" content=\"612\" \/>\n\t<meta property=\"og:image:height\" content=\"407\" \/>\n\t<meta property=\"og:image:type\" content=\"image\/webp\" \/>\n<meta name=\"twitter:card\" content=\"summary_large_image\" \/>\n<meta name=\"twitter:label1\" content=\"Dur\u00e9e de lecture estim\u00e9e\" \/>\n\t<meta name=\"twitter:data1\" content=\"1 minute\" \/>\n<script type=\"application\/ld+json\" class=\"yoast-schema-graph\">{\"@context\":\"https:\/\/schema.org\",\"@graph\":[{\"@type\":\"WebPage\",\"@id\":\"https:\/\/www.tcc-17.com\/index.php\/blog\/\",\"url\":\"https:\/\/www.tcc-17.com\/index.php\/blog\/\",\"name\":\"Blog - Adeline LAYEC TCC17\",\"isPartOf\":{\"@id\":\"https:\/\/www.tcc-17.com\/#website\"},\"primaryImageOfPage\":{\"@id\":\"https:\/\/www.tcc-17.com\/index.php\/blog\/#primaryimage\"},\"image\":{\"@id\":\"https:\/\/www.tcc-17.com\/index.php\/blog\/#primaryimage\"},\"thumbnailUrl\":\"https:\/\/www.tcc-17.com\/wp-content\/uploads\/2025\/05\/image_blog_v2.webp\",\"datePublished\":\"2025-05-16T05:42:40+00:00\",\"dateModified\":\"2025-06-30T04:17:00+00:00\",\"description\":\"TCC17 - Articles de blog, th\u00e9rapie TCC et th\u00e9rapie dialectique. Adeline Layec La Rochelle. Am\u00e9liorer l\u2019estime de soi avec la th\u00e9rapie cognitive et comportementale\",\"breadcrumb\":{\"@id\":\"https:\/\/www.tcc-17.com\/index.php\/blog\/#breadcrumb\"},\"inLanguage\":\"fr-FR\",\"potentialAction\":[{\"@type\":\"ReadAction\",\"target\":[\"https:\/\/www.tcc-17.com\/index.php\/blog\/\"]}]},{\"@type\":\"ImageObject\",\"inLanguage\":\"fr-FR\",\"@id\":\"https:\/\/www.tcc-17.com\/index.php\/blog\/#primaryimage\",\"url\":\"https:\/\/www.tcc-17.com\/wp-content\/uploads\/2025\/05\/image_blog_v2.webp\",\"contentUrl\":\"https:\/\/www.tcc-17.com\/wp-content\/uploads\/2025\/05\/image_blog_v2.webp\",\"width\":612,\"height\":407,\"caption\":\"Explorez notre blog pour d\u00e9couvrir des articles, conseils pratiques et r\u00e9flexions autour de la th\u00e9rapie cognitive et comportementale. Cette image incarne le partage de connaissances, l\u2019interactivit\u00e9 et l\u2019accompagnement au quotidien dans votre d\u00e9marche de mieux-\u00eatre.\"},{\"@type\":\"BreadcrumbList\",\"@id\":\"https:\/\/www.tcc-17.com\/index.php\/blog\/#breadcrumb\",\"itemListElement\":[{\"@type\":\"ListItem\",\"position\":1,\"name\":\"Accueil\",\"item\":\"https:\/\/www.tcc-17.com\/\"},{\"@type\":\"ListItem\",\"position\":2,\"name\":\"Blog\"}]},{\"@type\":\"WebSite\",\"@id\":\"https:\/\/www.tcc-17.com\/#website\",\"url\":\"https:\/\/www.tcc-17.com\/\",\"name\":\"Adeline LAYEC TCC-17\",\"description\":\"Th\u00e9rapeute TCC et TCD \u00e0 La Rochelle  (Charente Maritime)\",\"publisher\":{\"@id\":\"https:\/\/www.tcc-17.com\/#organization\"},\"alternateName\":\"TCC17\",\"potentialAction\":[{\"@type\":\"SearchAction\",\"target\":{\"@type\":\"EntryPoint\",\"urlTemplate\":\"https:\/\/www.tcc-17.com\/?s={search_term_string}\"},\"query-input\":{\"@type\":\"PropertyValueSpecification\",\"valueRequired\":true,\"valueName\":\"search_term_string\"}}],\"inLanguage\":\"fr-FR\"},{\"@type\":\"Organization\",\"@id\":\"https:\/\/www.tcc-17.com\/#organization\",\"name\":\"Adeline LAYEC\",\"alternateName\":\"TCC17\",\"url\":\"https:\/\/www.tcc-17.com\/\",\"logo\":{\"@type\":\"ImageObject\",\"inLanguage\":\"fr-FR\",\"@id\":\"https:\/\/www.tcc-17.com\/#\/schema\/logo\/image\/\",\"url\":\"https:\/\/www.tcc-17.com\/wp-content\/uploads\/2025\/05\/logo_al_v2_2.png\",\"contentUrl\":\"https:\/\/www.tcc-17.com\/wp-content\/uploads\/2025\/05\/logo_al_v2_2.png\",\"width\":414,\"height\":412,\"caption\":\"Adeline LAYEC\"},\"image\":{\"@id\":\"https:\/\/www.tcc-17.com\/#\/schema\/logo\/image\/\"}}]}<\/script>\n<!-- \/ Yoast SEO plugin. -->","yoast_head_json":{"title":"Blog - Adeline LAYEC TCC17","description":"TCC17 - Articles de blog, th\u00e9rapie TCC et th\u00e9rapie dialectique. Adeline Layec La Rochelle. Am\u00e9liorer l\u2019estime de soi avec la th\u00e9rapie cognitive et comportementale","robots":{"index":"index","follow":"follow","max-snippet":"max-snippet:-1","max-image-preview":"max-image-preview:large","max-video-preview":"max-video-preview:-1"},"canonical":"https:\/\/www.tcc-17.com\/index.php\/blog\/","og_locale":"fr_FR","og_type":"article","og_title":"Blog - Adeline LAYEC TCC17","og_description":"TCC17 - Articles de blog, th\u00e9rapie TCC et th\u00e9rapie dialectique. Adeline Layec La Rochelle. Am\u00e9liorer l\u2019estime de soi avec la th\u00e9rapie cognitive et comportementale","og_url":"https:\/\/www.tcc-17.com\/index.php\/blog\/","og_site_name":"Adeline LAYEC TCC17","article_modified_time":"2025-06-30T04:17:00+00:00","og_image":[{"width":612,"height":407,"url":"https:\/\/www.tcc-17.com\/wp-content\/uploads\/2025\/05\/image_blog_v2.webp","type":"image\/webp"}],"twitter_card":"summary_large_image","twitter_misc":{"Dur\u00e9e de lecture estim\u00e9e":"1 minute"},"schema":{"@context":"https:\/\/schema.org","@graph":[{"@type":"WebPage","@id":"https:\/\/www.tcc-17.com\/index.php\/blog\/","url":"https:\/\/www.tcc-17.com\/index.php\/blog\/","name":"Blog - Adeline LAYEC TCC17","isPartOf":{"@id":"https:\/\/www.tcc-17.com\/#website"},"primaryImageOfPage":{"@id":"https:\/\/www.tcc-17.com\/index.php\/blog\/#primaryimage"},"image":{"@id":"https:\/\/www.tcc-17.com\/index.php\/blog\/#primaryimage"},"thumbnailUrl":"https:\/\/www.tcc-17.com\/wp-content\/uploads\/2025\/05\/image_blog_v2.webp","datePublished":"2025-05-16T05:42:40+00:00","dateModified":"2025-06-30T04:17:00+00:00","description":"TCC17 - Articles de blog, th\u00e9rapie TCC et th\u00e9rapie dialectique. Adeline Layec La Rochelle. Am\u00e9liorer l\u2019estime de soi avec la th\u00e9rapie cognitive et comportementale","breadcrumb":{"@id":"https:\/\/www.tcc-17.com\/index.php\/blog\/#breadcrumb"},"inLanguage":"fr-FR","potentialAction":[{"@type":"ReadAction","target":["https:\/\/www.tcc-17.com\/index.php\/blog\/"]}]},{"@type":"ImageObject","inLanguage":"fr-FR","@id":"https:\/\/www.tcc-17.com\/index.php\/blog\/#primaryimage","url":"https:\/\/www.tcc-17.com\/wp-content\/uploads\/2025\/05\/image_blog_v2.webp","contentUrl":"https:\/\/www.tcc-17.com\/wp-content\/uploads\/2025\/05\/image_blog_v2.webp","width":612,"height":407,"caption":"Explorez notre blog pour d\u00e9couvrir des articles, conseils pratiques et r\u00e9flexions autour de la th\u00e9rapie cognitive et comportementale. Cette image incarne le partage de connaissances, l\u2019interactivit\u00e9 et l\u2019accompagnement au quotidien dans votre d\u00e9marche de mieux-\u00eatre."},{"@type":"BreadcrumbList","@id":"https:\/\/www.tcc-17.com\/index.php\/blog\/#breadcrumb","itemListElement":[{"@type":"ListItem","position":1,"name":"Accueil","item":"https:\/\/www.tcc-17.com\/"},{"@type":"ListItem","position":2,"name":"Blog"}]},{"@type":"WebSite","@id":"https:\/\/www.tcc-17.com\/#website","url":"https:\/\/www.tcc-17.com\/","name":"Adeline LAYEC TCC-17","description":"Th\u00e9rapeute TCC et TCD \u00e0 La Rochelle  (Charente Maritime)","publisher":{"@id":"https:\/\/www.tcc-17.com\/#organization"},"alternateName":"TCC17","potentialAction":[{"@type":"SearchAction","target":{"@type":"EntryPoint","urlTemplate":"https:\/\/www.tcc-17.com\/?s={search_term_string}"},"query-input":{"@type":"PropertyValueSpecification","valueRequired":true,"valueName":"search_term_string"}}],"inLanguage":"fr-FR"},{"@type":"Organization","@id":"https:\/\/www.tcc-17.com\/#organization","name":"Adeline LAYEC","alternateName":"TCC17","url":"https:\/\/www.tcc-17.com\/","logo":{"@type":"ImageObject","inLanguage":"fr-FR","@id":"https:\/\/www.tcc-17.com\/#\/schema\/logo\/image\/","url":"https:\/\/www.tcc-17.com\/wp-content\/uploads\/2025\/05\/logo_al_v2_2.png","contentUrl":"https:\/\/www.tcc-17.com\/wp-content\/uploads\/2025\/05\/logo_al_v2_2.png","width":414,"height":412,"caption":"Adeline LAYEC"},"image":{"@id":"https:\/\/www.tcc-17.com\/#\/schema\/logo\/image\/"}}]}},"_links":{"self":[{"href":"https:\/\/www.tcc-17.com\/index.php\/wp-json\/wp\/v2\/pages\/128","targetHints":{"allow":["GET"]}}],"collection":[{"href":"https:\/\/www.tcc-17.com\/index.php\/wp-json\/wp\/v2\/pages"}],"about":[{"href":"https:\/\/www.tcc-17.com\/index.php\/wp-json\/wp\/v2\/types\/page"}],"author":[{"embeddable":true,"href":"https:\/\/www.tcc-17.com\/index.php\/wp-json\/wp\/v2\/users\/1"}],"replies":[{"embeddable":true,"href":"https:\/\/www.tcc-17.com\/index.php\/wp-json\/wp\/v2\/comments?post=128"}],"version-history":[{"count":19,"href":"https:\/\/www.tcc-17.com\/index.php\/wp-json\/wp\/v2\/pages\/128\/revisions"}],"predecessor-version":[{"id":1023,"href":"https:\/\/www.tcc-17.com\/index.php\/wp-json\/wp\/v2\/pages\/128\/revisions\/1023"}],"wp:attachment":[{"href":"https:\/\/www.tcc-17.com\/index.php\/wp-json\/wp\/v2\/media?parent=128"}],"curies":[{"name":"wp","href":"https:\/\/api.w.org\/{rel}","templated":true}]}}