{"id":811,"date":"2025-05-24T11:23:02","date_gmt":"2025-05-24T09:23:02","guid":{"rendered":"https:\/\/www.tcc-17.com\/index.php\/et-la-tcd-2\/"},"modified":"2025-06-30T06:16:27","modified_gmt":"2025-06-30T04:16:27","slug":"et-la-tcd-2","status":"publish","type":"page","link":"https:\/\/www.tcc-17.com\/index.php\/et-la-tcd-2\/","title":{"rendered":"&#8230; et la TCD ?"},"content":{"rendered":"\n<h2 class=\"wp-block-heading\" style=\"font-size:0px\">TCC17<\/h2>\n\n\n\n<h2 class=\"wp-block-heading\" style=\"font-size:0px\">TCC La Rochelle<\/h2>\n\n\n\n<figure class=\"wp-block-image aligncenter size-full is-resized\"><img loading=\"lazy\" decoding=\"async\" width=\"561\" height=\"561\" src=\"https:\/\/www.tcc-17.com\/wp-content\/uploads\/2025\/05\/image_tcd_v2.webp\" alt=\"Une illustration symbolique de la r\u00e9gulation \u00e9motionnelle, montrant une femme qui accepte toutes les \u00e9motions et qui trouve un \u00e9quilibre en r\u00e9gulant les diff\u00e9rents types d\u2019\u00e9motions, repr\u00e9sentant les efforts de gestion des \u00e9motions au c\u0153ur de la th\u00e9rapie comportementale et dialectique.\" class=\"wp-image-732\" style=\"width:300px\" srcset=\"https:\/\/www.tcc-17.com\/wp-content\/uploads\/2025\/05\/image_tcd_v2.webp 561w, https:\/\/www.tcc-17.com\/wp-content\/uploads\/2025\/05\/image_tcd_v2-300x300.webp 300w, https:\/\/www.tcc-17.com\/wp-content\/uploads\/2025\/05\/image_tcd_v2-150x150.webp 150w\" sizes=\"auto, (max-width: 561px) 100vw, 561px\" \/><\/figure>\n\n\n\n<h3 class=\"wp-block-heading has-text-align-center has-3-x-large-font-size\"><strong>TCD = Th\u00e9rapie Comportementale Dialectique<\/strong><\/h3>\n\n\n\n<p class=\"has-small-font-size\"><\/p>\n\n\n\n<div class=\"wp-block-columns alignfull is-layout-flex wp-container-core-columns-is-layout-6376d770 wp-block-columns-is-layout-flex\" style=\"margin-top:0;margin-bottom:0;padding-right:0;padding-left:0\">\n<div class=\"wp-block-column has-global-padding is-content-justification-center is-layout-constrained wp-container-core-column-is-layout-ab7c2b46 wp-block-column-is-layout-constrained\" style=\"padding-top:0;padding-right:0;padding-bottom:0;padding-left:0\">\n<h4 class=\"wp-block-heading has-2-x-large-font-size\"><strong>Th\u00e9rapie comportementale dialectique (TCD) \u00e0 La Rochelle : une approche structur\u00e9e et efficace<\/strong><\/h4>\n\n\n\n<p class=\"has-system-sans-serif-font-family has-x-large-font-size\">La th\u00e9rapie comportementale dialectique (TCD) repose sur l\u2019apprentissage de comp\u00e9tences concr\u00e8tes pour mieux vivre au quotidien. Elle aide \u00e0 r\u00e9guler les \u00e9motions, \u00e0 renforcer les relations interpersonnelles, \u00e0 augmenter la tol\u00e9rance \u00e0 la d\u00e9tresse et \u00e0 d\u00e9velopper la pleine conscience. C\u2019est une approche structur\u00e9e, valid\u00e9e scientifiquement, et centr\u00e9e sur l\u2019\u00e9quilibre entre changement et acceptation.<\/p>\n\n\n\n<p class=\"has-system-sans-serif-font-family has-x-large-font-size\">\u00c0 La Rochelle, au cabinet et m\u00eame en visio, j\u2019utilise la TCD pour accompagner les personnes souffrant de difficult\u00e9s \u00e9motionnelles intenses. Cette m\u00e9thode s\u2019adresse particuli\u00e8rement \u00e0 celles et ceux qui se sentent souvent d\u00e9pass\u00e9s par leurs r\u00e9actions, leurs pens\u00e9es ou leurs comportements..<\/p>\n\n\n\n<h4 class=\"wp-block-heading has-2-x-large-font-size\"><strong>Une m\u00e9thode con\u00e7ue pour les troubles complexes<\/strong><\/h4>\n\n\n\n<p class=\"has-system-sans-serif-font-family has-x-large-font-size\">La TCD a \u00e9t\u00e9 d\u00e9velopp\u00e9e par Marsha M. Linehan, psychologue \u00e0 l\u2019universit\u00e9 de Washington. Initialement con\u00e7ue pour traiter le trouble de la personnalit\u00e9 borderline (TPB), elle combine des techniques issues des th\u00e9rapies cognitives et comportementales (TCC) avec des outils de pleine conscience, d\u2019auto-compassion et de tol\u00e9rance \u00e0 la souffrance.<\/p>\n\n\n\n<p>Cette combinaison permet aux patient\u00b7es de mieux comprendre leur fonctionnement et de renforcer leur capacit\u00e9 \u00e0 agir de fa\u00e7on plus stable et plus coh\u00e9rente avec leurs valeurs.<\/p>\n\n\n\n<h4 class=\"wp-block-heading has-2-x-large-font-size\"><strong>Une th\u00e9rapie valid\u00e9e pour de nombreuses probl\u00e9matiques<\/strong><\/h4>\n\n\n\n<p class=\"has-system-sans-serif-font-family has-x-large-font-size\">Bien que la TCD ait \u00e9t\u00e9 cr\u00e9\u00e9e pour le trouble borderline, elle est aujourd\u2019hui reconnue efficace dans d\u2019autres troubles, notamment :<br>&#8211; les troubles de l\u2019humeur (d\u00e9pression, trouble bipolaire)<br>&#8211; les troubles de l\u2019hyperactivit\u00e9 avec d\u00e9ficit de l\u2019attention (TDAH)<br>&#8211; les troubles des conduites alimentaires (anorexie, boulimie, hyperphagie)<br>&#8211; les troubles li\u00e9s aux addictions, qu\u2019elles soient comportementales ou li\u00e9es \u00e0 des substances<br>&#8211; d\u2019autres troubles de la personnalit\u00e9, marqu\u00e9s par des difficult\u00e9s dans la gestion des \u00e9motions et des relations<\/p>\n<\/div>\n<\/div>\n","protected":false},"excerpt":{"rendered":"<p>TCC17 TCC La Rochelle TCD = Th\u00e9rapie Comportementale Dialectique Th\u00e9rapie comportementale dialectique (TCD) \u00e0 La Rochelle : une approche structur\u00e9e et efficace La th\u00e9rapie comportementale dialectique (TCD) repose sur l\u2019apprentissage de comp\u00e9tences concr\u00e8tes pour mieux vivre au quotidien. Elle aide \u00e0 r\u00e9guler les \u00e9motions, \u00e0 renforcer les relations interpersonnelles, \u00e0 augmenter la tol\u00e9rance \u00e0 la [&hellip;]<\/p>\n","protected":false},"author":1,"featured_media":0,"parent":0,"menu_order":0,"comment_status":"closed","ping_status":"closed","template":"","meta":{"footnotes":""},"class_list":["post-811","page","type-page","status-publish","hentry"],"yoast_head":"<!-- This site is optimized with the Yoast SEO plugin v25.2 - https:\/\/yoast.com\/wordpress\/plugins\/seo\/ -->\n<title>... et la TCD ? - Adeline LAYEC TCC17<\/title>\n<meta name=\"description\" content=\"TCC17 - La TCD est une approche th\u00e9rapeutique valid\u00e9e pour les troubles de la r\u00e9gulation \u00e9motionnelle, le trouble borderline, les troubles de l\u2019humeur, les addictions et TDAH.\" \/>\n<meta name=\"robots\" content=\"index, follow, max-snippet:-1, max-image-preview:large, max-video-preview:-1\" \/>\n<link rel=\"canonical\" href=\"https:\/\/www.tcc-17.com\/index.php\/et-la-tcd-2\/\" \/>\n<meta property=\"og:locale\" content=\"fr_FR\" \/>\n<meta property=\"og:type\" content=\"article\" \/>\n<meta property=\"og:title\" content=\"... et la TCD ? - Adeline LAYEC TCC17\" \/>\n<meta property=\"og:description\" content=\"TCC17 - La TCD est une approche th\u00e9rapeutique valid\u00e9e pour les troubles de la r\u00e9gulation \u00e9motionnelle, le trouble borderline, les troubles de l\u2019humeur, les addictions et TDAH.\" \/>\n<meta property=\"og:url\" content=\"https:\/\/www.tcc-17.com\/index.php\/et-la-tcd-2\/\" \/>\n<meta property=\"og:site_name\" content=\"Adeline LAYEC TCC17\" \/>\n<meta property=\"article:modified_time\" content=\"2025-06-30T04:16:27+00:00\" \/>\n<meta property=\"og:image\" content=\"https:\/\/www.tcc-17.com\/wp-content\/uploads\/2025\/05\/image_tcd_v2.webp\" \/>\n\t<meta property=\"og:image:width\" content=\"561\" \/>\n\t<meta property=\"og:image:height\" content=\"561\" \/>\n\t<meta property=\"og:image:type\" content=\"image\/webp\" \/>\n<meta name=\"twitter:card\" content=\"summary_large_image\" \/>\n<meta name=\"twitter:label1\" content=\"Dur\u00e9e de lecture estim\u00e9e\" \/>\n\t<meta name=\"twitter:data1\" content=\"2 minutes\" \/>\n<script type=\"application\/ld+json\" class=\"yoast-schema-graph\">{\"@context\":\"https:\/\/schema.org\",\"@graph\":[{\"@type\":\"WebPage\",\"@id\":\"https:\/\/www.tcc-17.com\/index.php\/et-la-tcd-2\/\",\"url\":\"https:\/\/www.tcc-17.com\/index.php\/et-la-tcd-2\/\",\"name\":\"... et la TCD ? - Adeline LAYEC TCC17\",\"isPartOf\":{\"@id\":\"https:\/\/www.tcc-17.com\/#website\"},\"primaryImageOfPage\":{\"@id\":\"https:\/\/www.tcc-17.com\/index.php\/et-la-tcd-2\/#primaryimage\"},\"image\":{\"@id\":\"https:\/\/www.tcc-17.com\/index.php\/et-la-tcd-2\/#primaryimage\"},\"thumbnailUrl\":\"https:\/\/www.tcc-17.com\/wp-content\/uploads\/2025\/05\/image_tcd_v2.webp\",\"datePublished\":\"2025-05-24T09:23:02+00:00\",\"dateModified\":\"2025-06-30T04:16:27+00:00\",\"description\":\"TCC17 - La TCD est une approche th\u00e9rapeutique valid\u00e9e pour les troubles de la r\u00e9gulation \u00e9motionnelle, le trouble borderline, les troubles de l\u2019humeur, les addictions et TDAH.\",\"breadcrumb\":{\"@id\":\"https:\/\/www.tcc-17.com\/index.php\/et-la-tcd-2\/#breadcrumb\"},\"inLanguage\":\"fr-FR\",\"potentialAction\":[{\"@type\":\"ReadAction\",\"target\":[\"https:\/\/www.tcc-17.com\/index.php\/et-la-tcd-2\/\"]}]},{\"@type\":\"ImageObject\",\"inLanguage\":\"fr-FR\",\"@id\":\"https:\/\/www.tcc-17.com\/index.php\/et-la-tcd-2\/#primaryimage\",\"url\":\"https:\/\/www.tcc-17.com\/wp-content\/uploads\/2025\/05\/image_tcd_v2.webp\",\"contentUrl\":\"https:\/\/www.tcc-17.com\/wp-content\/uploads\/2025\/05\/image_tcd_v2.webp\",\"width\":561,\"height\":561},{\"@type\":\"BreadcrumbList\",\"@id\":\"https:\/\/www.tcc-17.com\/index.php\/et-la-tcd-2\/#breadcrumb\",\"itemListElement\":[{\"@type\":\"ListItem\",\"position\":1,\"name\":\"Accueil\",\"item\":\"https:\/\/www.tcc-17.com\/\"},{\"@type\":\"ListItem\",\"position\":2,\"name\":\"&#8230; et la TCD ?\"}]},{\"@type\":\"WebSite\",\"@id\":\"https:\/\/www.tcc-17.com\/#website\",\"url\":\"https:\/\/www.tcc-17.com\/\",\"name\":\"Adeline LAYEC TCC-17\",\"description\":\"Th\u00e9rapeute TCC et TCD \u00e0 La Rochelle  (Charente Maritime)\",\"publisher\":{\"@id\":\"https:\/\/www.tcc-17.com\/#organization\"},\"alternateName\":\"TCC17\",\"potentialAction\":[{\"@type\":\"SearchAction\",\"target\":{\"@type\":\"EntryPoint\",\"urlTemplate\":\"https:\/\/www.tcc-17.com\/?s={search_term_string}\"},\"query-input\":{\"@type\":\"PropertyValueSpecification\",\"valueRequired\":true,\"valueName\":\"search_term_string\"}}],\"inLanguage\":\"fr-FR\"},{\"@type\":\"Organization\",\"@id\":\"https:\/\/www.tcc-17.com\/#organization\",\"name\":\"Adeline LAYEC\",\"alternateName\":\"TCC17\",\"url\":\"https:\/\/www.tcc-17.com\/\",\"logo\":{\"@type\":\"ImageObject\",\"inLanguage\":\"fr-FR\",\"@id\":\"https:\/\/www.tcc-17.com\/#\/schema\/logo\/image\/\",\"url\":\"https:\/\/www.tcc-17.com\/wp-content\/uploads\/2025\/05\/logo_al_v2_2.png\",\"contentUrl\":\"https:\/\/www.tcc-17.com\/wp-content\/uploads\/2025\/05\/logo_al_v2_2.png\",\"width\":414,\"height\":412,\"caption\":\"Adeline LAYEC\"},\"image\":{\"@id\":\"https:\/\/www.tcc-17.com\/#\/schema\/logo\/image\/\"}}]}<\/script>\n<!-- \/ Yoast SEO plugin. -->","yoast_head_json":{"title":"... et la TCD ? - Adeline LAYEC TCC17","description":"TCC17 - La TCD est une approche th\u00e9rapeutique valid\u00e9e pour les troubles de la r\u00e9gulation \u00e9motionnelle, le trouble borderline, les troubles de l\u2019humeur, les addictions et TDAH.","robots":{"index":"index","follow":"follow","max-snippet":"max-snippet:-1","max-image-preview":"max-image-preview:large","max-video-preview":"max-video-preview:-1"},"canonical":"https:\/\/www.tcc-17.com\/index.php\/et-la-tcd-2\/","og_locale":"fr_FR","og_type":"article","og_title":"... et la TCD ? - Adeline LAYEC TCC17","og_description":"TCC17 - La TCD est une approche th\u00e9rapeutique valid\u00e9e pour les troubles de la r\u00e9gulation \u00e9motionnelle, le trouble borderline, les troubles de l\u2019humeur, les addictions et TDAH.","og_url":"https:\/\/www.tcc-17.com\/index.php\/et-la-tcd-2\/","og_site_name":"Adeline LAYEC TCC17","article_modified_time":"2025-06-30T04:16:27+00:00","og_image":[{"width":561,"height":561,"url":"https:\/\/www.tcc-17.com\/wp-content\/uploads\/2025\/05\/image_tcd_v2.webp","type":"image\/webp"}],"twitter_card":"summary_large_image","twitter_misc":{"Dur\u00e9e de lecture estim\u00e9e":"2 minutes"},"schema":{"@context":"https:\/\/schema.org","@graph":[{"@type":"WebPage","@id":"https:\/\/www.tcc-17.com\/index.php\/et-la-tcd-2\/","url":"https:\/\/www.tcc-17.com\/index.php\/et-la-tcd-2\/","name":"... et la TCD ? - Adeline LAYEC TCC17","isPartOf":{"@id":"https:\/\/www.tcc-17.com\/#website"},"primaryImageOfPage":{"@id":"https:\/\/www.tcc-17.com\/index.php\/et-la-tcd-2\/#primaryimage"},"image":{"@id":"https:\/\/www.tcc-17.com\/index.php\/et-la-tcd-2\/#primaryimage"},"thumbnailUrl":"https:\/\/www.tcc-17.com\/wp-content\/uploads\/2025\/05\/image_tcd_v2.webp","datePublished":"2025-05-24T09:23:02+00:00","dateModified":"2025-06-30T04:16:27+00:00","description":"TCC17 - La TCD est une approche th\u00e9rapeutique valid\u00e9e pour les troubles de la r\u00e9gulation \u00e9motionnelle, le trouble borderline, les troubles de l\u2019humeur, les addictions et TDAH.","breadcrumb":{"@id":"https:\/\/www.tcc-17.com\/index.php\/et-la-tcd-2\/#breadcrumb"},"inLanguage":"fr-FR","potentialAction":[{"@type":"ReadAction","target":["https:\/\/www.tcc-17.com\/index.php\/et-la-tcd-2\/"]}]},{"@type":"ImageObject","inLanguage":"fr-FR","@id":"https:\/\/www.tcc-17.com\/index.php\/et-la-tcd-2\/#primaryimage","url":"https:\/\/www.tcc-17.com\/wp-content\/uploads\/2025\/05\/image_tcd_v2.webp","contentUrl":"https:\/\/www.tcc-17.com\/wp-content\/uploads\/2025\/05\/image_tcd_v2.webp","width":561,"height":561},{"@type":"BreadcrumbList","@id":"https:\/\/www.tcc-17.com\/index.php\/et-la-tcd-2\/#breadcrumb","itemListElement":[{"@type":"ListItem","position":1,"name":"Accueil","item":"https:\/\/www.tcc-17.com\/"},{"@type":"ListItem","position":2,"name":"&#8230; et la TCD ?"}]},{"@type":"WebSite","@id":"https:\/\/www.tcc-17.com\/#website","url":"https:\/\/www.tcc-17.com\/","name":"Adeline LAYEC TCC-17","description":"Th\u00e9rapeute TCC et TCD \u00e0 La Rochelle  (Charente Maritime)","publisher":{"@id":"https:\/\/www.tcc-17.com\/#organization"},"alternateName":"TCC17","potentialAction":[{"@type":"SearchAction","target":{"@type":"EntryPoint","urlTemplate":"https:\/\/www.tcc-17.com\/?s={search_term_string}"},"query-input":{"@type":"PropertyValueSpecification","valueRequired":true,"valueName":"search_term_string"}}],"inLanguage":"fr-FR"},{"@type":"Organization","@id":"https:\/\/www.tcc-17.com\/#organization","name":"Adeline LAYEC","alternateName":"TCC17","url":"https:\/\/www.tcc-17.com\/","logo":{"@type":"ImageObject","inLanguage":"fr-FR","@id":"https:\/\/www.tcc-17.com\/#\/schema\/logo\/image\/","url":"https:\/\/www.tcc-17.com\/wp-content\/uploads\/2025\/05\/logo_al_v2_2.png","contentUrl":"https:\/\/www.tcc-17.com\/wp-content\/uploads\/2025\/05\/logo_al_v2_2.png","width":414,"height":412,"caption":"Adeline LAYEC"},"image":{"@id":"https:\/\/www.tcc-17.com\/#\/schema\/logo\/image\/"}}]}},"_links":{"self":[{"href":"https:\/\/www.tcc-17.com\/index.php\/wp-json\/wp\/v2\/pages\/811","targetHints":{"allow":["GET"]}}],"collection":[{"href":"https:\/\/www.tcc-17.com\/index.php\/wp-json\/wp\/v2\/pages"}],"about":[{"href":"https:\/\/www.tcc-17.com\/index.php\/wp-json\/wp\/v2\/types\/page"}],"author":[{"embeddable":true,"href":"https:\/\/www.tcc-17.com\/index.php\/wp-json\/wp\/v2\/users\/1"}],"replies":[{"embeddable":true,"href":"https:\/\/www.tcc-17.com\/index.php\/wp-json\/wp\/v2\/comments?post=811"}],"version-history":[{"count":15,"href":"https:\/\/www.tcc-17.com\/index.php\/wp-json\/wp\/v2\/pages\/811\/revisions"}],"predecessor-version":[{"id":1022,"href":"https:\/\/www.tcc-17.com\/index.php\/wp-json\/wp\/v2\/pages\/811\/revisions\/1022"}],"wp:attachment":[{"href":"https:\/\/www.tcc-17.com\/index.php\/wp-json\/wp\/v2\/media?parent=811"}],"curies":[{"name":"wp","href":"https:\/\/api.w.org\/{rel}","templated":true}]}}